hat is the greatest common factor of 77 and 143?
11
What is the greatest common factor of 20 and 12?
4
Calculate the greatest common factor of 5122 and 52.
26
Calculate the highest common divisor of 21356 and 76.
76
Calculate the greatest common divisor of 36 and 120.
12
What is the greatest common divisor of 4427 and 19?
19
Calculate the highest common divisor of 12 and 2592.
12
What is the greatest common factor of 20 and 1060?
20
Calculate the greatest common divisor of 18258 and 102.
102
What is the greatest common factor of 50 and 8275?
25
What is the greatest common factor of 134 and 2948?
134
Calculate the greatest common divisor of 5 and 16015.
5
What is the greatest common factor of 52 and 767?
13
What is the highest common divisor of 8 and 4696?
8
Calculate the highest common divisor of 3950 and 50.
50
Calculate the greatest common divisor of 15 and 420.
15
Calculate the greatest common divisor of 12 and 690.
6
Calculate the highest common factor of 80 and 500.
20
What is the highest common divisor of 32 and 216?
8
What is the highest common factor of 18 and 2502?
18
Calculate the greatest common factor of 220 and 540.
20
What is the highest common factor of 70 and 5700?
10
Calculate the highest common factor of 120 and 5505.
15
What is the highest common divisor of 2077 and 155?
31
What is the highest common divisor of 42 and 1344?
42
What is the greatest common divisor of 168 and 273?
21
Calculate the highest common divisor of 104 and 1924.
52
What is the highest common divisor of 135 and 45?
45
Calculate the highest common factor of 1057 and 28.
7
Calculate the greatest common factor of 44 and 1096.
4
What is the highest common divisor of 245 and 147?
49
Calculate the highest common divisor of 2 and 14.
2
What is the greatest common divisor of 31 and 899?
31
What is the highest common factor of 8 and 1256?
8
What is the highest common divisor of 78 and 9?
3
What is the greatest common factor of 1734 and 918?
102
Calculate the highest common factor of 2451 and 3483.
129
Calculate the highest common factor of 70 and 10.
10
What is the highest common factor of 495 and 66?
33
What is the highest common divisor of 6141 and 69?
69
Calculate the greatest common divisor of 3192 and 1729.
133
What is the greatest common divisor of 1232 and 7?
7
Calculate the highest common divisor of 152 and 418.
38
What is the highest common divisor of 165 and 930?
15
Calculate the greatest common factor of 28 and 3072.
4
What is the greatest common divisor of 473 and 989?
43
Calculate the greatest common factor of 323 and 19.
19
What is the highest common factor of 1746 and 1358?
194
Calculate the greatest common factor of 1072 and 469.
67
Calculate the greatest common factor of 1660 and 20.
20
Calculate the greatest common factor of 741 and 114.
57
Calculate the greatest common factor of 70 and 1505.
35
Calculate the greatest common factor of 30 and 5685.
15
What is the greatest common divisor of 28 and 1484?
28
Calculate the greatest common divisor of 20450 and 25.
25
Calculate the highest common divisor of 16 and 4.
4
What is the highest common factor of 45 and 126?
9
What is the greatest common divisor of 14 and 322?
14
Calculate the greatest common divisor of 4 and 230.
2
Calculate the greatest common divisor of 65 and 13.
13
What is the highest common factor of 8 and 76?
4
What is the highest common factor of 4087 and 549?
61
What is the greatest common divisor of 23165 and 615?
205
Calculate the greatest common divisor of 41 and 656.
41
What is the greatest common factor of 3348 and 270?
54
Calculate the highest common divisor of 3 and 1.
1
What is the greatest common factor of 116 and 406?
58
What is the highest common factor of 16 and 49328?
16
What is the highest common divisor of 15 and 25?
5
Calculate the highest common factor of 840 and 1932.
84
Calculate the greatest common divisor of 210 and 322.
14
What is the highest common divisor of 57 and 3?
3
Calculate the highest common divisor of 16 and 1744.
16
What is the highest common factor of 1981 and 8773?
283
Calculate the greatest common divisor of 104 and 39.
13
Calculate the greatest common factor of 4 and 108.
4
Calculate the greatest common factor of 4500 and 350.
50
What is the highest common divisor of 69 and 9591?
69
What is the highest common divisor of 297 and 165?
33
What is the highest common divisor of 20 and 580?
20
Calculate the highest common divisor of 294 and 84.
42
What is the greatest common divisor of 128 and 48?
16
Calculate the highest common divisor of 8155 and 35.
35
What is the greatest common factor of 45 and 4335?
15
Calculate the greatest common factor of 690 and 2898.
138
Calculate the greatest common divisor of 3040 and 95.
95
What is the greatest common factor of 12 and 12?
12
Calculate the highest common divisor of 2000 and 1125.
125
What is the highest common divisor of 411 and 48?
3
Calculate the highest common factor of 8672 and 64.
32
Calculate the greatest common factor of 815 and 220.
5
Calculate the highest common divisor of 13514 and 116.
58
What is the highest common factor of 13 and 8359?
13
Calculate the highest common divisor of 19025 and 75.
25
What is the highest common divisor of 2288 and 484?
44
What is the greatest common divisor of 28 and 644?
28
What is the highest common divisor of 636 and 90?
6
Calculate the highest common factor of 1998 and 296.
74
Calculate the highest common divisor of 1845 and 3.
3
What is the highest common divisor of 42 and 246?
6
Calculate the greatest common factor of 400 and 2150.
50
Calculate the highest common divisor of 60313 and 22.
11
What is the highest common factor of 42 and 224?
14
Calculate the greatest common factor of 776 and 6693.
97
What is the greatest common divisor of 45 and 615?
15
What is the highest common factor of 603 and 3551?
67
Calculate the greatest common divisor of 100 and 275.
25
Calculate the greatest common divisor of 40 and 64.
8
Calculate the highest common divisor of 10875 and 25.
25
Calculate the highest common factor of 84 and 240.
12
What is the highest common divisor of 5260 and 20?
20
Calculate the greatest common divisor of 540 and 3915.
135
Calculate the greatest common divisor of 17 and 22117.
17
What is the greatest common factor of 10 and 955?
5
What is the highest common divisor of 8 and 152?
8
What is the greatest common factor of 23 and 19849?
23
What is the highest common factor of 36 and 1494?
18
Calculate the highest common factor of 40 and 64.
8
What is the highest common factor of 60 and 260?
20
Calculate the greatest common factor of 96 and 160.
32
Calculate the greatest common factor of 4575 and 255.
15
What is the highest common divisor of 2178 and 3663?
99
Calculate the greatest common divisor of 143 and 8723.
143
Calculate the greatest common divisor of 182 and 234.
26
What is the highest common divisor of 582 and 9?
3
What is the highest common divisor of 374 and 22?
22
What is the greatest common divisor of 50 and 50?
50
Calculate the greatest common factor of 138 and 1311.
69
What is the highest common factor of 26672 and 16?
16
What is the greatest common factor of 7839 and 26?
13
Calculate the greatest common divisor of 60 and 570.
30
Calculate the greatest common divisor of 130 and 400.
10
Calculate the highest common divisor of 1216 and 192.
64
What is the greatest common divisor of 402 and 24?
6
What is the highest common divisor of 162 and 144?
18
What is the highest common divisor of 21 and 1281?
21
Calculate the greatest common factor of 1386 and 9.
9
What is the greatest common factor of 574 and 322?
14
What is the highest common divisor of 3601 and 91?
13
What is the highest common divisor of 4 and 128?
4
What is the greatest common divisor of 160 and 10?
10
Calculate the greatest common divisor of 160 and 448.
32
What is the highest common divisor of 39 and 416?
13
What is the greatest common factor of 64 and 9536?
64
Calculate the greatest common factor of 528 and 32.
16
What is the greatest common factor of 95 and 57?
19
Calculate the highest common factor of 110 and 230.
10
What is the greatest common divisor of 55 and 25?
5
What is the greatest common divisor of 725 and 375?
25
Calculate the greatest common divisor of 3108 and 112.
2